3
Let m(a) = -a - 6. Let j be m(-12). Suppose 2*x = -j*x + 160. What is the tens digit of x?
2
Let d(z) = z**3 + 3*z**2 + 7*z - 22. What is the units digit of d(6)?
4
Suppose -16*n = 2*v - 12*n - 242, -n = -4*v + 475. What is the hundreds digit of v?
1
Let w = -27 + 34. Suppose -529 = -w*r - 95. What is the tens digit of r?
6
Let u(v) = 4*v - 9. Let r(f) = f - 2. Let n(g) = -9*r(g) + 2*u(g). Let l be n(-2). Suppose -3*q = -l*q - 8. What is the units digit of q?
8
Let m be (4/6)/((-38)/(-5301)). Let f = -55 + m. Suppose -q - s + f = -0*s, 4*q - 138 = 3*s. What is the tens digit of q?
3
Suppose 26*k - 28*k = -292. What is the hundreds digit of k?
1
Suppose 4*b - 7024 = 1852. What is the units digit of b?
9
Suppose 6559 = 18*a - 16157. What is the tens digit of a?
6
Suppose -404*p - 3948 = -416*p. What is the hundreds digit of p?
3
Let p(h) = -h**3 + 6*h + 3. Let n be p(-2). Let d = 78 + n. What is the tens digit of d?
7
Suppose 4*c - 47 = 13. Let m be (-1113)/(-70) - (-2)/20. Let u = m - c. What is the units digit of u?
1
Suppose 0 = 6*k - 24 + 6. What is the tens digit of ((-1)/k)/((-1)/183)?
6
Let y(r) = -7*r. Let z be y(1). Let w = -23 + z. Let a = -25 - w. What is the units digit of a?
5
Let r(x) be the first derivative of -7*x - 1/3*x**3 - 7*x**2 - 1. What is the tens digit of r(-12)?
1
Suppose 3*b - 8944 = -10*b. Suppose -2074 + b = -9*k. What is the hundreds digit of k?
1
Let w(u) be the first derivative of -u**3/3 - 5*u**2 - 7*u + 67. Suppose 0 = -5*c - 43 + 8. What is the tens digit of w(c)?
1
Let j(i) be the first derivative of i**3/3 + 8*i - 4. Let t be j(0). Let o = t - -11. What is the tens digit of o?
1
Suppose -i + 50 = 3*i - 2*v, v = 1. Suppose -5*s + i = -7. Suppose -s*f + 76 = -64. What is the tens digit of f?
3
Let c = -1882 - -3106. What is the units digit of c?
4
Suppose 826 = -4*i + 4*y + 2710, -3*i + 1418 = -4*y. What is the tens digit of i?
6
Let f = -113 + 56. What is the tens digit of f/(-152) - 589/(-8)?
7
What is the tens digit of -26*(357/14)/(-17)?
3
Suppose 7*q + 35 = 3*q + 3*h, -2*h - 14 = 2*q. Let n(u) = u**3 + 7*u**2 + 5*u. Let g(a) = a**2. Let v(j) = 2*g(j) + n(j). What is the tens digit of v(q)?
2
Suppose -8*a + 7128 = 10*a. What is the units digit of a?
6
Let j(c) = c**2 + 41*c - 134. What is the thousands digit of j(26)?
1
Let l(v) be the first derivative of -v**4/4 - 7*v**3/3 - 11*v**2/2 - 5*v - 21. What is the units digit of l(-6)?
5
Let w(s) = s**3 + 15*s**2 - 10*s - 23. Let r(o) = -2*o**3 - 31*o**2 + 21*o + 47. Let h(k) = 6*r(k) + 13*w(k). What is the units digit of h(-7)?
9
Let u(j) = -j**3 - 11*j**2 - 25*j - 30. Suppose 33 = -3*k + 2*p, 12 = -5*k + 3*k - 2*p. What is the tens digit of u(k)?
3
Suppose -2*q - 5*n = -1642, 757 + 63 = q + 3*n. What is the tens digit of q?
2
Let r(d) = -6*d**3 + d**2 + 5*d + 48. What is the hundreds digit of r(-5)?
7
Suppose -o = -4*o. Let l(d) = d**2 - 2*d + 90. What is the tens digit of l(o)?
9
Let x(m) = 5*m**2 + 1. Let f = -15 + 26. Let a = f - 13. What is the tens digit of x(a)?
2
Let f be (-6)/(-4)*(-36)/(-27) + 78. Suppose 5*r + f = 5*o, 0*r + r - 68 = -5*o. What is the units digit of o?
4
Let u(c) be the third derivative of -c**4/4 + c**3/6 + 14*c**2. Let g = -3 - 1. What is the units digit of u(g)?
5
Let a(u) = -51*u + 3. Let t be a(5). Let q = -135 + 90. What is the tens digit of 5/2*t/q?
1
Suppose 5*n + 3*g - 63 = 0, -n - 3*g + 48 = 3*n. Suppose 94 = 3*f - 2*m, 0 = -2*f - 2*m + 46 - 0. Let o = n + f. What is the tens digit of o?
4
Let u = 470 - -45. What is the hundreds digit of u?
5
Suppose -5*r + 4 = -1. Let d(j) = -j. Let c(s) = -57*s. Let w(k) = c(k) - 76*d(k). What is the tens digit of w(r)?
1
Let z(n) = 5*n + 9. Let q be z(9). Suppose -t + q = -10. Suppose t - 16 = 4*g. What is the units digit of g?
2
Suppose -17*h - 10884 = -20*h. What is the units digit of h?
8
Suppose 16*o - 22*o = -336. What is the units digit of o?
6
Let z = 385 + -118. What is the hundreds digit of z?
2
Let j = 3631 - 1141. What is the tens digit of j?
9
Suppose -5*s = -2*p - 18158, -4*p - 19603 + 5067 = -4*s. What is the hundreds digit of s?
6
Let z(v) be the third derivative of v**5/60 + v**4/6 - 23*v**3/6 + 19*v**2. What is the tens digit of z(-13)?
9
Let z(y) = 156*y + 68. What is the thousands digit of z(9)?
1
Let m be (3 + -1 - 3)*0. Suppose -x + t + 11 = -m, -4*x = -5*t - 49. Suppose -x*j + 3*j = -144. What is the tens digit of j?
4
Suppose -509 - 623 = -4*h. Suppose -u - 785 = -3*m, 0*m - 5*u = m - h. What is the tens digit of m?
6
Suppose -26*g = 37*g - 72639. What is the units digit of g?
3
Let u(x) = -x**3 - 17*x**2 + 38*x + 2. Let w be u(-19). Suppose -5*y + 392 = 4*f, -y + 2*f + 222 = w*y. What is the tens digit of y?
7
Let u(y) = 2 + 0*y**2 - y**2 + 0 - 6*y - 1. Let g = -24 - -18. What is the units digit of u(g)?
1
Let r = 138 - 240. Let t = -57 - r. What is the units digit of t?
5
Let h = 7 + -4. Suppose -4 = r - 2*r. Suppose -h*v - 43 = -r*y, 0*y = -3*y - 2*v + 11. What is the units digit of y?
7
Let t(x) = x**3 - 16*x**2 - 16*x + 3. Let i(f) = f**2 + 16*f + 9. Let g be i(-17). Suppose l - 3*l = 8, g = 2*p + 2*l. What is the units digit of t(p)?
0
Let f(x) = x**3 + 19*x**2 + 34*x - 3. What is the units digit of f(-16)?
1
Let y = -306 + 462. Let l = y - 92. What is the units digit of 8/(-20) - l/(-10)?
6
Let h(b) be the first derivative of 5*b**2/2 + 4*b + 76. Let v(k) = -k**2 + 7*k - 6. Let o be v(5). What is the units digit of h(o)?
4
Let l(a) be the second derivative of -a**5/4 + a**4/12 - a**3/3 - a**2 + a. What is the tens digit of l(-2)?
4
Let o(v) = -v**2 + 3*v + 14. Let h be o(6). What is the tens digit of -2 - (299/h + 11/(-44))?
7
Let o = 324 - 131. Suppose 2*m - o = -5*v, -2*m + 154 = 5*v - v. What is the units digit of v?
9
Suppose 0 = 13*v - 5615 - 40444. What is the thousands digit of v?
3
Suppose 5*g - 354 = 4046. Suppose -g = 19*r - 27*r. What is the tens digit of r?
1
Let w be ((-10)/(-8))/((-3)/(-12)). Suppose w*p = -0*q - q + 56, 5*q - 60 = -5*p. Suppose 4*a - 3*a = p. What is the tens digit of a?
1
Let r = -83 - -41. Suppose f + 4*o + 8 = -10, -3*f - 4*o = 62. Let w = f - r. What is the tens digit of w?
2
Let c be 2/12 + 12/(-72). Suppose -2*m + 425 - 165 = c. What is the hundreds digit of m?
1
What is the units digit of -3 + (-20)/5 - -680?
3
Suppose -2*j = 32 + 352. Let s = 353 + j. What is the units digit of s?
1
Suppose 4*u + 541 = o, 2*u + o = 5*o - 274. Let c = 114 - u. What is the hundreds digit of c?
2
Let b(n) = n**2 - 3*n + 3. Let t be b(3). Let f(g) = 17*g - 5. Let o be f(12). Suppose 4*x = -5*p + o, -3*p - t*x = p - 159. What is the tens digit of p?
3
Let k(h) = h - 16. Let x be k(-8). What is the tens digit of -2*((-3)/18 + 308/x)?
2
Let g(r) = -r. Let s(j) = 6*j - 7. Let n(u) = 2*g(u) + s(u). Suppose 0 = -2*c - 5*m + 34, 0*c + 4*m = c + 9. What is the units digit of n(c)?
1
Let t be (0 + (-1 - -2))*-3. Let l be 1*((-36)/3)/t. Suppose 0 = 5*b + q - 6 - l, 0 = -b + 4*q + 2. What is the units digit of b?
2
Suppose -90*l + 2424 = -87*l. What is the hundreds digit of l?
8
Let q(w) be the first derivative of 5*w**3/3 + w**2/2 + w - 2. Let r be q(2). Suppose -l = 3*n - 10, -6*n - r = -4*l - n. What is the units digit of l?
7
What is the units digit of 2/3 - 4/(-12) - -484?
5
Let o(m) = -10*m**3 - m**2 - 6*m - 14. What is the units digit of o(-6)?
6
Suppose -3*r + 6*r - 63 = 0. Let h be 7/r*(-2 + 551). Suppose 2*k - 35 = -2*g + 79, 3*g + h = 3*k. What is the tens digit of k?
5
Let x(m) = m**3 - 15*m**2 - 43*m + 56. What is the units digit of x(22)?
8
Let k(t) = t**3 - 2*t**2 - 4*t + 1. Let c be k(5). Let y = c + -26. What is the units digit of y?
0
What is the hundreds digit of 1151 + (0 - -6 - 5)?
1
Let a(b) = -b**3 - 13*b**2 - 29*b - 8. Let m(g) = -g - 5. Let s be m(7). What is the hundreds digit of a(s)?
1
Suppose 5*i = 3*i - 56. Let g = 30 - -3. Let j = g + i. What is the units digit of j?
5
Let p = -5 + 7. Suppose 0 = -2*c, 0*c = -p*i + 2*c + 50. What is the units digit of i?
5
Let r = 75 - 70. What is the units digit of 1/5*3 + 727/r?
6
Let c(j) = -236*j + 125. What is the hundreds digit of c(-7)?
7
Let x = -2 + 2. Let f = 6 + x. Suppose m = -4*b + 23, -m - 5*b = -f*b - 38. What is the tens digit of m?
3
Suppose 3 = m + 4*t - 13, -3*